{"id":377,"date":"2024-03-28T21:03:32","date_gmt":"2024-03-28T20:03:32","guid":{"rendered":"https:\/\/heimat-kyffhaeuserkreis.de\/?page_id=377"},"modified":"2024-05-18T01:52:50","modified_gmt":"2024-05-18T00:52:50","slug":"unser-kandidat-zur-ortsteilratswahl-in-berka","status":"publish","type":"page","link":"https:\/\/heimat-kyffhaeuserkreis.de\/index.php\/unser-kandidat-zur-ortsteilratswahl-in-berka\/","title":{"rendered":"Unser Kandidat zur Ortsteilratswahl in Berka"},"content":{"rendered":"<div class=\"fusion-fullwidth fullwidth-box fusion-builder-row-1 fusion-flex-container has-pattern-background has-mask-background nonhundred-percent-fullwidth non-hundred-percent-height-scrolling\" style=\"--awb-border-radius-top-left:0px;--awb-border-radius-top-right:0px;--awb-border-radius-bottom-right:0px;--awb-border-radius-bottom-left:0px;--awb-flex-wrap:wrap;\" ><div class=\"fusion-builder-row fusion-row fusion-flex-align-items-flex-start fusion-flex-content-wrap\" style=\"max-width:1248px;margin-left: calc(-4% \/ 2 );margin-right: calc(-4% \/ 2 );\"><div class=\"fusion-layout-column fusion_builder_column fusion-builder-column-0 fusion_builder_column_1_3 1_3 fusion-flex-column\" style=\"--awb-bg-size:cover;--awb-width-large:33.333333333333%;--awb-margin-top-large:0px;--awb-spacing-right-large:5.76%;--awb-margin-bottom-large:20px;--awb-spacing-left-large:5.76%;--awb-width-medium:33.333333333333%;--awb-order-medium:0;--awb-spacing-right-medium:5.76%;--awb-spacing-left-medium:5.76%;--awb-width-small:100%;--awb-order-small:0;--awb-spacing-right-small:1.92%;--awb-spacing-left-small:1.92%;\"><div class=\"fusion-column-wrapper fusion-column-has-shadow fusion-flex-justify-content-flex-start fusion-content-layout-column\"><div class=\"fusion-image-element \" style=\"--awb-mask-url: url(https:\/\/heimat-kyffhaeuserkreis.de\/wp-content\/plugins\/fusion-builder\/\/assets\/images\/masks\/mask-17.svg);--awb-margin-right:15%;--awb-margin-left:15%;--awb-caption-title-font-family:var(--h2_typography-font-family);--awb-caption-title-font-weight:var(--h2_typography-font-weight);--awb-caption-title-font-style:var(--h2_typography-font-style);--awb-caption-title-size:var(--h2_typography-font-size);--awb-caption-title-transform:var(--h2_typography-text-transform);--awb-caption-title-line-height:var(--h2_typography-line-height);--awb-caption-title-letter-spacing:var(--h2_typography-letter-spacing);\"><span class=\" fusion-imageframe imageframe-none imageframe-1 hover-type-zoomin has-mask\"><img decoding=\"async\" width=\"400\" height=\"344\" title=\"zoege2\" src=\"https:\/\/heimat-kyffhaeuserkreis.de\/wp-content\/uploads\/2024\/05\/zoege2.jpg\" alt class=\"img-responsive wp-image-540\" srcset=\"https:\/\/heimat-kyffhaeuserkreis.de\/wp-content\/uploads\/2024\/05\/zoege2-200x172.jpg 200w, https:\/\/heimat-kyffhaeuserkreis.de\/wp-content\/uploads\/2024\/05\/zoege2.jpg 400w\" sizes=\"(max-width: 640px) 100vw, 400px\" \/><\/span><\/div><\/div><\/div><div class=\"fusion-layout-column fusion_builder_column fusion-builder-column-1 fusion_builder_column_2_3 2_3 fusion-flex-column\" style=\"--awb-bg-size:cover;--awb-width-large:66.666666666667%;--awb-margin-top-large:0px;--awb-spacing-right-large:2.88%;--awb-margin-bottom-large:20px;--awb-spacing-left-large:2.88%;--awb-width-medium:66.666666666667%;--awb-order-medium:0;--awb-spacing-right-medium:2.88%;--awb-spacing-left-medium:2.88%;--awb-width-small:100%;--awb-order-small:0;--awb-spacing-right-small:1.92%;--awb-spacing-left-small:1.92%;\"><div class=\"fusion-column-wrapper fusion-column-has-shadow fusion-flex-justify-content-flex-start fusion-content-layout-column\"><div class=\"fusion-title title fusion-title-1 fusion-title-text fusion-title-size-one\"><div class=\"title-sep-container title-sep-container-left fusion-no-large-visibility fusion-no-medium-visibility fusion-no-small-visibility\"><div class=\"title-sep sep-double sep-solid\" style=\"border-color:#e2e2e2;\"><\/div><\/div><span class=\"awb-title-spacer fusion-no-large-visibility fusion-no-medium-visibility fusion-no-small-visibility\"><\/span><h1 class=\"fusion-title-heading title-heading-left\" style=\"margin:0;\">STEFFEN Z\u00d6GE<\/h1><span class=\"awb-title-spacer\"><\/span><div class=\"title-sep-container title-sep-container-right\"><div class=\"title-sep sep-double sep-solid\" style=\"border-color:#e2e2e2;\"><\/div><\/div><\/div><div class=\"fusion-text fusion-text-1\"><p>K\u00fcchen- und M\u00f6belmonteur | Jahrgang 1987 | 2 Kinder | verheiratet<\/p>\n<p>Steffen Z\u00f6ge wohnt seit vielen Jahren in Berka, ein Ort, der ihm ans Herz gewachsen ist. Er ist seitdem dort fester Bestandteil im Dorf- &amp; Vereinsleben geworden. Er m\u00f6chte sich f\u00fcr eine bessere Ausstattung der Vereine, vor allem im Sport einsetzen und sie bei der Nachwuchsarbeit unterst\u00fctzen. Vor allem im jungen Alter sollten die Kinder bereits an sportliche Aktivit\u00e4ten herangef\u00fchrt werden, damit die k\u00f6rperliche Fitness nicht zu kurz kommt. Ein gesunder Geist und ein gesunder K\u00f6rper sind die Grundlagen f\u00fcr die beste Entwicklung unserer Kinder.<\/p>\n<p>Steffen Z\u00f6ge ist jederzeit ein engagierter Berkaer, der auch zu gern im Gemeinderat sein Engagement fortsetzen m\u00f6chte um das Dorf weiterzuentwickeln.<\/p>\n<p><strong>SEINE ZIELE:<\/strong><\/p>\n<p><strong>Gemeinschaft f\u00f6rdern &#8211; Miteinander f\u00fcr unser Berka!<\/strong><\/p>\n<p>Gemeinschaft verbindet Menschen. Ein \u201eHand in Hand\u201c statt ein gegeneinander sind das beste Mittel f\u00fcr ein harmonisches Leben in unserem Ort. Damit wir noch enger zusammenr\u00fccken, w\u00fcrde ich mich f\u00fcr generations\u00fcbergreifende Veranstaltungen wie kleine Stra\u00dfenfeste oder Dergleichen stark machen. Wir sind eine gute Gemeinschaft und das muss gefestigt und ausgebaut werden.<\/p>\n<p><strong>Bessere Unterst\u00fctzung durch die Stadt &#8211; Berka attraktiv halten!<\/strong><\/p>\n<p>Die Ortsteile, also auch Berka, d\u00fcrfen nicht schlechter gestellt sein wie unsere Kernstadt. Vor allem die Infrastruktur muss erhalten, und eine dauerhafte Grundversorgung sichergestellt werden. Es m\u00fcssen auch Freizeitm\u00f6glichkeiten, vor allem f\u00fcr Kinder und Jugendliche erweitert werden. Daf\u00fcr brauchen wir von der Stadt eine solide finanzielle Ausstattung, \u00fcber die das Dorf selbst entscheiden kann.<\/p>\n<p><strong>Vereinsleben unterst\u00fctzen &#8211; Traditionen bewahren!<\/strong><\/p>\n<p>Unsere Vereine und die Feuerwehr sind gut aufgestellt. Damit das so bleiben kann, muss auch von der Kommunalpolitik Unterst\u00fctzung kommen, z.B. \u00fcber F\u00f6rdert\u00f6pfe. Es m\u00fcssen auch die Traditionen wie Kirmes oder Osterfeuer unterst\u00fctzt werden und d\u00fcrfen nicht irgendeiner Ideologie zu Opfer fallen.<\/p>\n<\/div><\/div><\/div><\/div><\/div>\n","protected":false},"excerpt":{"rendered":"","protected":false},"author":3,"featured_media":0,"parent":0,"menu_order":0,"comment_status":"closed","ping_status":"closed","template":"","meta":{"footnotes":""},"class_list":["post-377","page","type-page","status-publish","hentry"],"_links":{"self":[{"href":"https:\/\/heimat-kyffhaeuserkreis.de\/index.php\/wp-json\/wp\/v2\/pages\/377","targetHints":{"allow":["GET"]}}],"collection":[{"href":"https:\/\/heimat-kyffhaeuserkreis.de\/index.php\/wp-json\/wp\/v2\/pages"}],"about":[{"href":"https:\/\/heimat-kyffhaeuserkreis.de\/index.php\/wp-json\/wp\/v2\/types\/page"}],"author":[{"embeddable":true,"href":"https:\/\/heimat-kyffhaeuserkreis.de\/index.php\/wp-json\/wp\/v2\/users\/3"}],"replies":[{"embeddable":true,"href":"https:\/\/heimat-kyffhaeuserkreis.de\/index.php\/wp-json\/wp\/v2\/comments?post=377"}],"version-history":[{"count":4,"href":"https:\/\/heimat-kyffhaeuserkreis.de\/index.php\/wp-json\/wp\/v2\/pages\/377\/revisions"}],"predecessor-version":[{"id":544,"href":"https:\/\/heimat-kyffhaeuserkreis.de\/index.php\/wp-json\/wp\/v2\/pages\/377\/revisions\/544"}],"wp:attachment":[{"href":"https:\/\/heimat-kyffhaeuserkreis.de\/index.php\/wp-json\/wp\/v2\/media?parent=377"}],"curies":[{"name":"wp","href":"https:\/\/api.w.org\/{rel}","templated":true}]}}

<div class="fusion-fullwidth fullwidth-box fusion-builder-row-1 fusion-flex-container has-pattern-background has-mask-background nonhundred-percent-fullwidth non-hundred-percent-height-scrolling" style="--awb-border-radius-top-left:0px;--awb-border-radius-top-right:0px;--awb-border-radius-bottom-right:0px;--awb-border-radius-bottom-left:0px;--awb-flex-wrap:wrap;" ><div class="fusion-builder-row fusion-row fusion-flex-align-items-flex-start fusion-flex-content-wrap" style="max-width:1248px;margin-left: calc(-4% / 2 );margin-right: calc(-4% / 2 );"><div class="fusion-layout-column fusion_builder_column fusion-builder-column-0 fusion_builder_column_1_3 1_3 fusion-flex-column" style="--awb-bg-size:cover;--awb-width-large:33.333333333333%;--awb-margin-top-large:0px;--awb-spacing-right-large:5.76%;--awb-margin-bottom-large:20px;--awb-spacing-left-large:5.76%;--awb-width-medium:33.333333333333%;--awb-order-medium:0;--awb-spacing-right-medium:5.76%;--awb-spacing-left-medium:5.76%;--awb-width-small:100%;--awb-order-small:0;--awb-spacing-right-small:1.92%;--awb-spacing-left-small:1.92%;"><div class="fusion-column-wrapper fusion-column-has-shadow fusion-flex-justify-content-flex-start fusion-content-layout-column"><div class="fusion-image-element " style="--awb-mask-url: url(https://heimat-kyffhaeuserkreis.de/wp-content/plugins/fusion-builder//assets/images/masks/mask-17.svg);--awb-margin-right:15%;--awb-margin-left:15%;--awb-caption-title-font-family:var(--h2_typography-font-family);--awb-caption-title-font-weight:var(--h2_typography-font-weight);--awb-caption-title-font-style:var(--h2_typography-font-style);--awb-caption-title-size:var(--h2_typography-font-size);--awb-caption-title-transform:var(--h2_typography-text-transform);--awb-caption-title-line-height:var(--h2_typography-line-height);--awb-caption-title-letter-spacing:var(--h2_typography-letter-spacing);"><span class=" fusion-imageframe imageframe-none imageframe-1 hover-type-zoomin has-mask"><img decoding="async" width="400" height="344" title="zoege2" src="https://heimat-kyffhaeuserkreis.de/wp-content/uploads/2024/05/zoege2.jpg" alt class="img-responsive wp-image-540" srcset="https://heimat-kyffhaeuserkreis.de/wp-content/uploads/2024/05/zoege2-200x172.jpg 200w, https://heimat-kyffhaeuserkreis.de/wp-content/uploads/2024/05/zoege2.jpg 400w" sizes="(max-width: 640px) 100vw, 400px" /></span></div></div></div><div class="fusion-layout-column fusion_builder_column fusion-builder-column-1 fusion_builder_column_2_3 2_3 fusion-flex-column" style="--awb-bg-size:cover;--awb-width-large:66.666666666667%;--awb-margin-top-large:0px;--awb-spacing-right-large:2.88%;--awb-margin-bottom-large:20px;--awb-spacing-left-large:2.88%;--awb-width-medium:66.666666666667%;--awb-order-medium:0;--awb-spacing-right-medium:2.88%;--awb-spacing-left-medium:2.88%;--awb-width-small:100%;--awb-order-small:0;--awb-spacing-right-small:1.92%;--awb-spacing-left-small:1.92%;"><div class="fusion-column-wrapper fusion-column-has-shadow fusion-flex-justify-content-flex-start fusion-content-layout-column"><div class="fusion-title title fusion-title-1 fusion-title-text fusion-title-size-one"><div class="title-sep-container title-sep-container-left fusion-no-large-visibility fusion-no-medium-visibility fusion-no-small-visibility"><div class="title-sep sep-double sep-solid" style="border-color:#e2e2e2;"></div></div><span class="awb-title-spacer fusion-no-large-visibility fusion-no-medium-visibility fusion-no-small-visibility"></span><h1 class="fusion-title-heading title-heading-left" style="margin:0;">STEFFEN ZÖGE</h1><span class="awb-title-spacer"></span><div class="title-sep-container title-sep-container-right"><div class="title-sep sep-double sep-solid" style="border-color:#e2e2e2;"></div></div></div><div class="fusion-text fusion-text-1"><p>Küchen- und Möbelmonteur | Jahrgang 1987 | 2 Kinder | verheiratet</p>
<p>Steffen Zöge wohnt seit vielen Jahren in Berka, ein Ort, der ihm ans Herz gewachsen ist. Er ist seitdem dort fester Bestandteil im Dorf- &amp; Vereinsleben geworden. Er möchte sich für eine bessere Ausstattung der Vereine, vor allem im Sport einsetzen und sie bei der Nachwuchsarbeit unterstützen. Vor allem im jungen Alter sollten die Kinder bereits an sportliche Aktivitäten herangeführt werden, damit die körperliche Fitness nicht zu kurz kommt. Ein gesunder Geist und ein gesunder Körper sind die Grundlagen für die beste Entwicklung unserer Kinder.</p>
<p>Steffen Zöge ist jederzeit ein engagierter Berkaer, der auch zu gern im Gemeinderat sein Engagement fortsetzen möchte um das Dorf weiterzuentwickeln.</p>
<p><strong>SEINE ZIELE:</strong></p>
<p><strong>Gemeinschaft fördern &#8211; Miteinander für unser Berka!</strong></p>
<p>Gemeinschaft verbindet Menschen. Ein „Hand in Hand“ statt ein gegeneinander sind das beste Mittel für ein harmonisches Leben in unserem Ort. Damit wir noch enger zusammenrücken, würde ich mich für generationsübergreifende Veranstaltungen wie kleine Straßenfeste oder Dergleichen stark machen. Wir sind eine gute Gemeinschaft und das muss gefestigt und ausgebaut werden.</p>
<p><strong>Bessere Unterstützung durch die Stadt &#8211; Berka attraktiv halten!</strong></p>
<p>Die Ortsteile, also auch Berka, dürfen nicht schlechter gestellt sein wie unsere Kernstadt. Vor allem die Infrastruktur muss erhalten, und eine dauerhafte Grundversorgung sichergestellt werden. Es müssen auch Freizeitmöglichkeiten, vor allem für Kinder und Jugendliche erweitert werden. Dafür brauchen wir von der Stadt eine solide finanzielle Ausstattung, über die das Dorf selbst entscheiden kann.</p>
<p><strong>Vereinsleben unterstützen &#8211; Traditionen bewahren!</strong></p>
<p>Unsere Vereine und die Feuerwehr sind gut aufgestellt. Damit das so bleiben kann, muss auch von der Kommunalpolitik Unterstützung kommen, z.B. über Fördertöpfe. Es müssen auch die Traditionen wie Kirmes oder Osterfeuer unterstützt werden und dürfen nicht irgendeiner Ideologie zu Opfer fallen.</p>
</div></div></div></div></div>
