{"id":372,"date":"2024-03-28T21:00:09","date_gmt":"2024-03-28T20:00:09","guid":{"rendered":"https:\/\/heimat-kyffhaeuserkreis.de\/?page_id=372"},"modified":"2024-04-22T23:16:50","modified_gmt":"2024-04-22T22:16:50","slug":"unser-kandidat-zur-ortschaftsratswahl-in-artern","status":"publish","type":"page","link":"https:\/\/heimat-kyffhaeuserkreis.de\/index.php\/unser-kandidat-zur-ortschaftsratswahl-in-artern\/","title":{"rendered":"Unser Kandidat zur Ortschaftsratswahl in Artern"},"content":{"rendered":"<div class=\"fusion-fullwidth fullwidth-box fusion-builder-row-1 fusion-flex-container has-pattern-background has-mask-background nonhundred-percent-fullwidth non-hundred-percent-height-scrolling\" style=\"--awb-border-radius-top-left:0px;--awb-border-radius-top-right:0px;--awb-border-radius-bottom-right:0px;--awb-border-radius-bottom-left:0px;--awb-flex-wrap:wrap;\" ><div class=\"fusion-builder-row fusion-row fusion-flex-align-items-flex-start fusion-flex-content-wrap\" style=\"max-width:1248px;margin-left: calc(-4% \/ 2 );margin-right: calc(-4% \/ 2 );\"><div class=\"fusion-layout-column fusion_builder_column fusion-builder-column-0 fusion_builder_column_1_3 1_3 fusion-flex-column\" style=\"--awb-bg-size:cover;--awb-width-large:33.333333333333%;--awb-margin-top-large:0px;--awb-spacing-right-large:5.76%;--awb-margin-bottom-large:20px;--awb-spacing-left-large:5.76%;--awb-width-medium:33.333333333333%;--awb-order-medium:0;--awb-spacing-right-medium:5.76%;--awb-spacing-left-medium:5.76%;--awb-width-small:100%;--awb-order-small:0;--awb-spacing-right-small:1.92%;--awb-spacing-left-small:1.92%;\"><div class=\"fusion-column-wrapper fusion-column-has-shadow fusion-flex-justify-content-flex-start fusion-content-layout-column\"><div class=\"fusion-image-element \" style=\"--awb-mask-url: url(https:\/\/heimat-kyffhaeuserkreis.de\/wp-content\/plugins\/fusion-builder\/\/assets\/images\/masks\/mask-17.svg);--awb-margin-right:15%;--awb-margin-left:15%;--awb-caption-title-font-family:var(--h2_typography-font-family);--awb-caption-title-font-weight:var(--h2_typography-font-weight);--awb-caption-title-font-style:var(--h2_typography-font-style);--awb-caption-title-size:var(--h2_typography-font-size);--awb-caption-title-transform:var(--h2_typography-text-transform);--awb-caption-title-line-height:var(--h2_typography-line-height);--awb-caption-title-letter-spacing:var(--h2_typography-letter-spacing);\"><span class=\" fusion-imageframe imageframe-none imageframe-1 hover-type-zoomin has-mask\"><img decoding=\"async\" width=\"400\" height=\"344\" title=\"braeter-400&#215;344\" src=\"https:\/\/heimat-kyffhaeuserkreis.de\/wp-content\/uploads\/2024\/03\/braeter-400x344-1.jpg\" alt class=\"img-responsive wp-image-303\" srcset=\"https:\/\/heimat-kyffhaeuserkreis.de\/wp-content\/uploads\/2024\/03\/braeter-400x344-1-200x172.jpg 200w, https:\/\/heimat-kyffhaeuserkreis.de\/wp-content\/uploads\/2024\/03\/braeter-400x344-1.jpg 400w\" sizes=\"(max-width: 640px) 100vw, 400px\" \/><\/span><\/div><\/div><\/div><div class=\"fusion-layout-column fusion_builder_column fusion-builder-column-1 fusion_builder_column_2_3 2_3 fusion-flex-column\" style=\"--awb-bg-size:cover;--awb-width-large:66.666666666667%;--awb-margin-top-large:0px;--awb-spacing-right-large:2.88%;--awb-margin-bottom-large:20px;--awb-spacing-left-large:2.88%;--awb-width-medium:66.666666666667%;--awb-order-medium:0;--awb-spacing-right-medium:2.88%;--awb-spacing-left-medium:2.88%;--awb-width-small:100%;--awb-order-small:0;--awb-spacing-right-small:1.92%;--awb-spacing-left-small:1.92%;\"><div class=\"fusion-column-wrapper fusion-column-has-shadow fusion-flex-justify-content-flex-start fusion-content-layout-column\"><div class=\"fusion-title title fusion-title-1 fusion-title-text fusion-title-size-one\"><div class=\"title-sep-container title-sep-container-left fusion-no-large-visibility fusion-no-medium-visibility fusion-no-small-visibility\"><div class=\"title-sep sep-double sep-solid\" style=\"border-color:#e2e2e2;\"><\/div><\/div><span class=\"awb-title-spacer fusion-no-large-visibility fusion-no-medium-visibility fusion-no-small-visibility\"><\/span><h1 class=\"fusion-title-heading title-heading-left\" style=\"margin:0;\">Chriatian Br\u00e4ter<\/h1><span class=\"awb-title-spacer\"><\/span><div class=\"title-sep-container title-sep-container-right\"><div class=\"title-sep sep-double sep-solid\" style=\"border-color:#e2e2e2;\"><\/div><\/div><\/div><div class=\"fusion-text fusion-text-1\"><div class=\"fusion-text fusion-text-1\">\n<p>Angestellter | Jahrgang 1985<\/p>\n<p>Der Arterner Christian Br\u00e4ter ist seit vielen Jahren politisch engagiert und seit 2019 auf kommunalparlamentarischer Ebene, im Stadtrat von Artern, f\u00fcr die Einwohner seiner Heimatstadt t\u00e4tig. Mitglied der HEIMAT ist er bereits seit 2014 und macht regelm\u00e4\u00dfig in B\u00fcrgergespr\u00e4chen auf die Missst\u00e4nde in unserer Heimat aufmerksam. Br\u00e4ter kandidiert in diesem Jahr auch zur Kreistagswahl im Kyffh\u00e4userkreis um der Stadt Artern in diesem Gremium mehr Gewicht zu verleihen.<\/p>\n<p>Er m\u00f6chte das sich Artern wieder positiv entwickelt, nachdem ein jahrelanger abw\u00e4rtstrend zu verzeichnen war, um nicht l\u00e4nger weit hinter anderen Kommunen hinterher zu h\u00e4ngen. Gerade in Sachen Wirtschaftspolitik muss die Stadt gest\u00e4rkt werden und Industriegro\u00dffl\u00e4che besser vermarktet und schneller vorangetrieben werden. Aber auch eine familienfreundlichere Ausrichtung darf nicht zu kurz kommen. Menschen die Nach Artern zum arbeiten kommen sollen, m\u00fcssen sich hier auch wohl und geborgen f\u00fchlen.<\/p>\n<p>Kontakt:\u00a0<a href=\"mailto:info@heimat-kyffhaeuserkreis.de\">info@heimat-kyffhaeuserkreis.de<\/a><\/p>\n<\/div>\n<\/div><\/div><\/div><\/div><\/div>\n","protected":false},"excerpt":{"rendered":"","protected":false},"author":3,"featured_media":0,"parent":0,"menu_order":0,"comment_status":"closed","ping_status":"closed","template":"","meta":{"footnotes":""},"class_list":["post-372","page","type-page","status-publish","hentry"],"_links":{"self":[{"href":"https:\/\/heimat-kyffhaeuserkreis.de\/index.php\/wp-json\/wp\/v2\/pages\/372","targetHints":{"allow":["GET"]}}],"collection":[{"href":"https:\/\/heimat-kyffhaeuserkreis.de\/index.php\/wp-json\/wp\/v2\/pages"}],"about":[{"href":"https:\/\/heimat-kyffhaeuserkreis.de\/index.php\/wp-json\/wp\/v2\/types\/page"}],"author":[{"embeddable":true,"href":"https:\/\/heimat-kyffhaeuserkreis.de\/index.php\/wp-json\/wp\/v2\/users\/3"}],"replies":[{"embeddable":true,"href":"https:\/\/heimat-kyffhaeuserkreis.de\/index.php\/wp-json\/wp\/v2\/comments?post=372"}],"version-history":[{"count":2,"href":"https:\/\/heimat-kyffhaeuserkreis.de\/index.php\/wp-json\/wp\/v2\/pages\/372\/revisions"}],"predecessor-version":[{"id":450,"href":"https:\/\/heimat-kyffhaeuserkreis.de\/index.php\/wp-json\/wp\/v2\/pages\/372\/revisions\/450"}],"wp:attachment":[{"href":"https:\/\/heimat-kyffhaeuserkreis.de\/index.php\/wp-json\/wp\/v2\/media?parent=372"}],"curies":[{"name":"wp","href":"https:\/\/api.w.org\/{rel}","templated":true}]}}

<div class="fusion-fullwidth fullwidth-box fusion-builder-row-1 fusion-flex-container has-pattern-background has-mask-background nonhundred-percent-fullwidth non-hundred-percent-height-scrolling" style="--awb-border-radius-top-left:0px;--awb-border-radius-top-right:0px;--awb-border-radius-bottom-right:0px;--awb-border-radius-bottom-left:0px;--awb-flex-wrap:wrap;" ><div class="fusion-builder-row fusion-row fusion-flex-align-items-flex-start fusion-flex-content-wrap" style="max-width:1248px;margin-left: calc(-4% / 2 );margin-right: calc(-4% / 2 );"><div class="fusion-layout-column fusion_builder_column fusion-builder-column-0 fusion_builder_column_1_3 1_3 fusion-flex-column" style="--awb-bg-size:cover;--awb-width-large:33.333333333333%;--awb-margin-top-large:0px;--awb-spacing-right-large:5.76%;--awb-margin-bottom-large:20px;--awb-spacing-left-large:5.76%;--awb-width-medium:33.333333333333%;--awb-order-medium:0;--awb-spacing-right-medium:5.76%;--awb-spacing-left-medium:5.76%;--awb-width-small:100%;--awb-order-small:0;--awb-spacing-right-small:1.92%;--awb-spacing-left-small:1.92%;"><div class="fusion-column-wrapper fusion-column-has-shadow fusion-flex-justify-content-flex-start fusion-content-layout-column"><div class="fusion-image-element " style="--awb-mask-url: url(https://heimat-kyffhaeuserkreis.de/wp-content/plugins/fusion-builder//assets/images/masks/mask-17.svg);--awb-margin-right:15%;--awb-margin-left:15%;--awb-caption-title-font-family:var(--h2_typography-font-family);--awb-caption-title-font-weight:var(--h2_typography-font-weight);--awb-caption-title-font-style:var(--h2_typography-font-style);--awb-caption-title-size:var(--h2_typography-font-size);--awb-caption-title-transform:var(--h2_typography-text-transform);--awb-caption-title-line-height:var(--h2_typography-line-height);--awb-caption-title-letter-spacing:var(--h2_typography-letter-spacing);"><span class=" fusion-imageframe imageframe-none imageframe-1 hover-type-zoomin has-mask"><img decoding="async" width="400" height="344" title="braeter-400&#215;344" src="https://heimat-kyffhaeuserkreis.de/wp-content/uploads/2024/03/braeter-400x344-1.jpg" alt class="img-responsive wp-image-303" srcset="https://heimat-kyffhaeuserkreis.de/wp-content/uploads/2024/03/braeter-400x344-1-200x172.jpg 200w, https://heimat-kyffhaeuserkreis.de/wp-content/uploads/2024/03/braeter-400x344-1.jpg 400w" sizes="(max-width: 640px) 100vw, 400px" /></span></div></div></div><div class="fusion-layout-column fusion_builder_column fusion-builder-column-1 fusion_builder_column_2_3 2_3 fusion-flex-column" style="--awb-bg-size:cover;--awb-width-large:66.666666666667%;--awb-margin-top-large:0px;--awb-spacing-right-large:2.88%;--awb-margin-bottom-large:20px;--awb-spacing-left-large:2.88%;--awb-width-medium:66.666666666667%;--awb-order-medium:0;--awb-spacing-right-medium:2.88%;--awb-spacing-left-medium:2.88%;--awb-width-small:100%;--awb-order-small:0;--awb-spacing-right-small:1.92%;--awb-spacing-left-small:1.92%;"><div class="fusion-column-wrapper fusion-column-has-shadow fusion-flex-justify-content-flex-start fusion-content-layout-column"><div class="fusion-title title fusion-title-1 fusion-title-text fusion-title-size-one"><div class="title-sep-container title-sep-container-left fusion-no-large-visibility fusion-no-medium-visibility fusion-no-small-visibility"><div class="title-sep sep-double sep-solid" style="border-color:#e2e2e2;"></div></div><span class="awb-title-spacer fusion-no-large-visibility fusion-no-medium-visibility fusion-no-small-visibility"></span><h1 class="fusion-title-heading title-heading-left" style="margin:0;">Chriatian Bräter</h1><span class="awb-title-spacer"></span><div class="title-sep-container title-sep-container-right"><div class="title-sep sep-double sep-solid" style="border-color:#e2e2e2;"></div></div></div><div class="fusion-text fusion-text-1"><div class="fusion-text fusion-text-1">
<p>Angestellter | Jahrgang 1985</p>
<p>Der Arterner Christian Bräter ist seit vielen Jahren politisch engagiert und seit 2019 auf kommunalparlamentarischer Ebene, im Stadtrat von Artern, für die Einwohner seiner Heimatstadt tätig. Mitglied der HEIMAT ist er bereits seit 2014 und macht regelmäßig in Bürgergesprächen auf die Missstände in unserer Heimat aufmerksam. Bräter kandidiert in diesem Jahr auch zur Kreistagswahl im Kyffhäuserkreis um der Stadt Artern in diesem Gremium mehr Gewicht zu verleihen.</p>
<p>Er möchte das sich Artern wieder positiv entwickelt, nachdem ein jahrelanger abwärtstrend zu verzeichnen war, um nicht länger weit hinter anderen Kommunen hinterher zu hängen. Gerade in Sachen Wirtschaftspolitik muss die Stadt gestärkt werden und Industriegroßfläche besser vermarktet und schneller vorangetrieben werden. Aber auch eine familienfreundlichere Ausrichtung darf nicht zu kurz kommen. Menschen die Nach Artern zum arbeiten kommen sollen, müssen sich hier auch wohl und geborgen fühlen.</p>
<p>Kontakt: <a href="mailto:info@heimat-kyffhaeuserkreis.de">info@heimat-kyffhaeuserkreis.de</a></p>
</div>
</div></div></div></div></div>
